 + 5. Let g be n(5). What is the greatest common divisor of g and f?
30
Suppose 42*a - 3854 = 19078. Calculate the highest common factor of a and 390.
78
Let v = 237 - 164. Let b(h) = -2*h**3 - 65*h**2 + 29*h - 59. Let d be b(-33). What is the highest common divisor of v and d?
73
Suppose -u + 3*c + 2709 = 0, 1080*u = 1083*u + 5*c - 8211. Calculate the greatest common divisor of 1111 and u.
101
Let q(a) = -431*a + 6. Let b be q(1). Let l be (-3)/12 - b/20. Let m be 10/(-4)*(-6)/5. What is the greatest common factor of m and l?
3
Suppose 5*h - 1405 = 5*a, -3*h + 86 = 3*a - 745. Suppose -5*l + 186 = 3*n - h, 156 = n + 2*l. What is the highest common divisor of n and 6?
6
Let q = 2974 - 2781. What is the highest common divisor of q and 1?
1
Let k(w) = w**3 + 36*w**2 + 191*w - 25. Let q be k(-29). What is the greatest common divisor of 34 and q?
17
Suppose -20825 = 2*p + 15*p. Let f = -766 - p. Calculate the greatest common divisor of 27 and f.
27
Suppose 2*k - 6 = -5*c, -c + 6 = -3*k + 4*k. Suppose -11*f + k*f = 5*n - 6, 4*n = 0. Let g be 2 + 196/f + -1. Calculate the highest common factor of 9 and g.
9
Let b(o) = -15*o + 24. Let x be b(-4). Let g = x - -96. Suppose 0*c + 4*c - 3*k = 65, -20 = -4*k. Calculate the highest common factor of c and g.
20
Let a be 515/6 - (-130)/(-156). What is the greatest common divisor of a and 25?
5
Let v be (-178)/6*12/16*-4. Suppose -o + 4*w = 9, -o - 4*o - v = 2*w. Let k(g) = -2*g - 27. Let n be k(o). Calculate the greatest common factor of 1 and n.
1
Let o = 119 - 71. Calculate the highest common divisor of o and 156.
12
Let f = -94 + 110. Suppose 99*n - 101*n + f = 0. Calculate the highest common divisor of n and 200.
8
Suppose 3*b - 60 = -0*b. Let y be (-1)/((-7)/35) - 2. Let m be y*(10/(-3) + 6). Calculate the highest common factor of b and m.
4
Let l be 84/(-9)*(-6 + -3). Let f be (-48)/(-9)*(-12)/(-8) + -4. Let i be 1 + (f - 2 - -18). Calculate the greatest common factor of i and l.
21
Suppose 0 = -73*i + 93471 + 141735. What is the greatest common divisor of 54 and i?
18
Suppose 3*l - 3*c - 4407 = 0, -70*l + 71*l + c - 1459 = 0. Calculate the highest common divisor of l and 120.
24
Suppose 32*l - 29*l = 471. Let q = 185 - l. Calculate the greatest common divisor of 42 and q.
14
Let k be (4/3)/((-2)/(-6)). Let y(h) = h**3 + 2*h**2 + 2*h - 5. Let l be y(k). Suppose 101 = 15*r - 64. What is the greatest common divisor of r and l?
11
Suppose -5*y - g + 2*g + 4 = 0, 3*y - 4 = g. Let k be (-2)/((-3)/(-84) - y). Let m = 74 + k. What is the greatest common factor of m and 12?
6
Suppose 54*u + 54 = 60*u. Let b(v) = 2*v**3 - 3*v**2 + 29*v - 34. Let c be b(u). Calculate the highest common divisor of c and 14.
14
Suppose 4*j - 1558 = -f + 4027, -4*j + 4*f + 5560 = 0. Suppose 6*o - j = 9*o. Let i = -320 - o. Calculate the highest common divisor of 29 and i.
29
Suppose 0 = -f - d + 635, 599*f - 596*f - 5*d - 1921 = 0. What is the greatest common factor of f and 455?
91
Let t(m) = 49*m**3 - m + 2. Suppose -d - 4 = -17. Let w = -12 + d. Let a be t(w). Calculate the highest common factor of a and 125.
25
Let w = -104 + 59. Let f be ((-12)/15)/(3/w). Suppose 3*t - 17 - 91 = 0. What is the greatest common factor of t and f?
12
Suppose 4*k = -g + 5528, 0 = -4*g - 5*k + 3884 + 18151. What is the highest common factor of g and 200?
100
Let k(b) = 33*b**2 - 7*b + 2. Let q be k(1). What is the greatest common divisor of q and 2282?
14
Let t be 9 - -6 - 1/(-1). Suppose -3*h = -6*o + 4*o + 37, 3*o = -3*h + 93. Suppose 0 = -17*a + 4*a + o. Calculate the highest common factor of t and a.
2
Let m(j) = 9*j - 26. Let d be m(7). Let k = -37 + d. Suppose 0 = u + 3, k*u = -2*v + 5*u + 23. Calculate the greatest common divisor of 44 and v.
4
Let o = -4758 + 5568. Calculate the greatest common factor of 243 and o.
81
Let u = -11 - -12. Let t(a) be the third derivative of a**5/60 + a**4/8 - a**3/3 + 2*a**2 + 13*a. Let c be t(u). What is the greatest common factor of c and 16?
2
Suppose x = -2*d - 45, -3*d - 5*x = -4*x + 65. Let q be d*2/(-4) + (-8 - -5). What is the greatest common factor of q and 161?
7
Let h = 4670 - 4268. What is the highest common divisor of h and 871?
67
Let u = 1249 + -1224. Let y(z) = -87*z + 1. Let d be y(-2). What is the highest common factor of d and u?
25
Let f(b) = -33*b**2 + 167*b + 4. Let i be f(5). What is the highest common divisor of 3164 and i?
14
Let y be 0 - (-125 - (-2 + 3)). Suppose u = 5*t - 175, 7*t + 3*u - 121 = 146. What is the greatest common divisor of y and t?
18
Let b(t) = 9*t**3 - 2*t - 5. Let u(z) = -10*z**3 + z + 5. Let p(s) = -5*b(s) - 4*u(s). Let h be p(-2). Calculate the highest common factor of 9 and h.
3
Let c(f) be the second derivative of -f**5/20 - f**4/2 + f**3/2 - 7*f**2/2 + 4*f - 5. Let y be c(-7). What is the greatest common divisor of y and 21?
21
Let h = 3442 + -3440. What is the highest common factor of 2 and h?
2
Let a(n) = 43*n - 179. Let y be a(-5). Suppose -176 = 2*d + 1142. Let z = y - d. Calculate the greatest common factor of 106 and z.
53
Let d(r) = r**3 + 5*r**2 + 4*r + 4. Let u be d(-4). Suppose 0*z - 8 = -u*z. Let x = -318 + 340. What is the highest common divisor of z and x?
2
Suppose 524 = y + 6*u, 5*y - 25*u = -21*u + 2552. Calculate the greatest common factor of 3392 and y.
64
Suppose -584 = -4*g + 5*c, -3*g - 50*c + 433 = -55*c. Calculate the greatest common divisor of 11 and g.
1
Suppose 5*s + 4*c - 1910 = 3*s, -5*s - 3*c = -4782. What is the highest common divisor of s and 297?
33
Let r(j) = j**2 - 7*j - 16. Let a be r(11). Let u be (-8)/a - (-6)/21. Let v be 0/2 - 160/(-4 - u). Calculate the highest common factor of v and 10.
10
Let p(f) = -f**2 - 113*f + 1092. Let m be p(-121). What is the highest common factor of m and 1550?
62
Suppose 25*j - 182090 = 15660. What is the greatest common factor of j and 105?
35
Let p = 17 + -15. Let d be (-1*(p + -1) - 19) + 4. Let j = -14 - d. What is the highest common divisor of j and 3?
1
Let t = 4693 + 101. What is the highest common factor of t and 306?
102
Let m(a) = -a**3 + 12*a**2 - 13*a + 18. Let i be m(11). Let g be 128*(81/12 + i). What is the highest common factor of 11 and g?
11
Suppose -5*p - 3*v = -24243, 2*v + 5862 = p + 1003. Suppose 38*q = 29*q + p. What is the highest common divisor of 77 and q?
77
Let c = 33903 + -15768. What is the highest common divisor of 90 and c?
45
Suppose -42*z - 149*z + 1910 = 0. Calculate the highest common factor of z and 80.
10
Suppose 3*f - z = 2*f - 288, -5*f - 1412 = 2*z. Let v = -115 - f. What is the highest common factor of 13 and v?
13
Suppose 9 = -2*d + 3*d. Suppose 656 = 4*c + 2*a + 408, -5*c + 325 = -5*a. Calculate the highest common divisor of c and d.
9
Let n = 2497 + -2433. Calculate the highest common factor of n and 52.
4
Let h = -261 + 525. Calculate the highest common factor of h and 192.
24
Let c be 92/22 + (-38)/209. Let x be -1*(-6 - (-9 - -4)). Let f be x/6 + 1278/108. Calculate the greatest common divisor of c and f.
4
Suppose 0 = -371*s + 376*s - 6355. What is the greatest common divisor of s and 410?
41
Suppose -17246 = -4*t + 3*k, 12*k - 13*k = -2. What is the greatest common divisor of 19 and t?
19
Suppose 21 = -3*h + 66. Suppose 19*q = 15*q + 332. Suppose 9*b = 52 + q. What is the highest common factor of h and b?
15
Let v = 1 - -27. Let i = -14 + v. Let q(d) = -16*d - 10. Let g be q(-5). What is the greatest common divisor of g and i?
14
Let g(h) = -14*h**3 + h. Let w be g(-1). Let s = 1908 + -1332. Suppose 2*y = 3*r + 150 + 130, -s = -4*y - 2*r. What is the highest common divisor of w and y?
13
Let u be -13*(-17 + 13 + -61). Calculate the highest common divisor of u and 676.
169
Let o be ((-12)/(-9))/((-18)/4482). Let y = o - -608. What is the highest common factor of 36 and y?
12
Let u be (-3 - 33/(-22))*476/(-6). Let j = -26 + u. Calculate the highest common factor of 62 and j.
31
Suppose 0 = -4*i - g + 247, -5*i + 107 = -5*g - 233. What is the highest common factor of i and 175?
7
Let b = -184 - -5. Let t = 211 + b. Calculate the greatest common divisor of t and 6.
2
Suppose 0 = -4*o + q + 225, -5*o + 228 = -o - 4*q. Let j = o + -34. Let l be (28980/66)/5 + 4/22. What is the greatest common factor of j and l?
22
Suppose 5*y = 0, 4*q + 0 + 4 =